se 7) to base 12.
578442
-134553 (base 10) to base 14
-3706d
Convert 1020210001210 (base 3) to base 10.
664896
What is -6124670 (base 8) in base 9?
-3033142
1990434 (base 12) to base 16
529768
Convert 1280045 (base 9) to base 6.
23014152
Convert 8274889 (base 10) to base 8.
37441711
Convert -134311012 (base 6) to base 13.
-74801c
-14698b (base 15) to base 4
-3300103121
What is 30142512 (base 7) in base 2?
1001100001110110111100
110331111133 (base 4) to base 3
101100010111121
Convert 225303 (base 7) to base 10.
40281
What is -9934199 (base 10) in base 4?
-211321111313
Convert -1055237 (base 9) to base 12.
-234907
Convert -1455533 (base 6) to base 10.
-85521
Convert 4331330 (base 5) to base 16.
120ed
-2031132010 (base 4) to base 7
-4632250
3300252 (base 7) to base 2
1100010100000101111
-18a592 (base 16) to base 13
-447290
-7650 (base 11) to base 7
-41304
What is 42315010 (base 6) in base 3?
2022221021020
What is 723563 (base 10) in base 3?
1100202112122
Convert 1789988 (base 11) to base 13.
820a42
What is -24c74 (base 13) in base 16?
-109c1
1144241 (base 7) to base 11
9a3a7
What is 278c6 (base 16) in base 11?
100784
What is -1907121 (base 11) in base 12?
-10b95a9
-da856 (base 15) to base 7
-5616420
Convert 312994 (base 10) to base 6.
10413014
-ab017 (base 12) to base 9
-374481
Convert 12170336 (base 9) to base 14.
b0caab
What is 15223533 (base 7) in base 16?
1625ee
Convert -11101011000110001 (base 2) to base 16.
-1d631
Convert -1132212 (base 5) to base 12.
-10144
What is 3728878 (base 12) in base 3?
202020110220002
Convert 3271c (base 14) to base 6.
2341234
-58c791 (base 13) to base 2
-1000000011110001101010
What is -303202 (base 9) in base 5?
-21220443
476716 (base 8) to base 16
27dce
Convert 11001001001110000011 (base 2) to base 6.
25355415
Convert 5143554 (base 8) to base 16.
14c76c
What is 133003223 (base 4) in base 15?
27a5b
Convert -3946403 (base 11) to base 8.
-32036113
Convert 2220320333 (base 4) to base 8.
2507077
What is 30603660 (base 8) in base 13?
1463073
What is 100100001100010010 (base 2) in base 5?
14220432
212220101100 (base 3) to base 13
1361c1
What is -5a370 (base 13) in base 15?
-33eed
-2200401233 (base 5) to base 7
-54644121
Convert 22011211120011 (base 3) to base 8.
20451523
What is 736847 (base 10) in base 4?
2303321033
Convert 1490843 (base 13) to base 12.
224a405
32434144 (base 5) to base 11
181865
What is 408504 (base 9) in base 15?
4bc77
What is -5544721 (base 8) in base 12?
-600329
Convert 987dae (base 15) to base 14.
d71dc5
What is -26474640 (base 8) in base 3?
-102011020120112
Convert -2b1ed0 (base 15) to base 3.
-10220210102220
What is d04a7 (base 16) in base 14?
182cbd
What is -26605056 (base 7) in base 6?
-124344230
What is -875502 (base 11) in base 15?
-1c9407
Convert 11100101110121 (base 3) to base 13.
62b8ac
Convert -2651317 (base 8) to base 10.
-742095
What is -56a8b (base 13) in base 10?
-157792
What is -357697 (base 10) in base 6?
-11400001
What is 3a3903 (base 12) in base 15?
13e829
What is 549652 (base 11) in base 15?
124adb
Convert 188440 (base 11) to base 6.
10111335
What is -158139 (base 10) in base 2?
-100110100110111011
Convert -42ceb2 (base 15) to base 8.
-14107747
Convert -504221 (base 6) to base 9.
-60564
Convert -465233 (base 7) to base 3.
-11020111112
What is 120123113 (base 4) in base 6?
2051115
-1111010103 (base 4) to base 16
-55113
What is 34081 (base 13) in base 2?
10111000101110000
What is -41013201 (base 5) in base 13?
-b6aa3
What is -21471034 (base 9) in base 8?
-47461746
What is -ce5051 (base 15) in base 13?
-2066029
-a195a (base 12) to base 15
-42554
Convert -203130112212 (base 4) to base 14.
-133bdd4
145748 (base 10) to base 12
70418
Convert 101011000101001111001000 (base 2) to base 13.
2455637
Convert c8e89 (base 15) to base 13.
1943ac
Convert 11201211210021 (base 3) to base 14.
497077
-4154332 (base 6) to base 16
-31490
What is 10c328 (base 13) in base 5?
100220243
7215534 (base 10) to base 6
414353130
Convert aa17ef (base 16) to base 6.
1034531343
2223221 (base 7) to base 10
274856
-42056275 (base 8) to base 16
-885cbd
What is -b6408 (base 15) in base 10?
-578033
-c017b (base 13) to base 2
-1010011101111011011
-38b (base 14) to base 2
-1011000111
Convert 1944834 (base 12) to base 2.
10100010001111110101000
What is 1022203340 (base 5) in base 4?
20030100101
20133302 (base 4) to base 3
1202201222
3156d (base 15) to base 9
257574
-102201011201021 (base 3) to base 12
-2101514
-103562 (base 11) to base 14
-4456d
Convert -10101111110 (base 2) to base 14.
-726
What is 1262054 (base 7) in base 11?
104018
What is 234b77 (base 13) in base 16?
ccd66
Convert 8476754 (base 10) to base 2.
100000010101100001010010
1134589 (base 10) to base 15
176294
Convert 43759 (base 14) to base 8.
477023
Convert a5ac2 (base 14) to base 8.
1415212
12252241 (base 6) to base 5
100131214
Convert 2640130 (base 7) to base 3.
122120100221
Convert -52217 (base 10) to base 16.
-cbf9
-111011110101001000010000 (base 2) to base 15
-159c227
What is 7916 (base 15) in base 8?
62107
Convert -31500345 (base 6) to base 12.
-3876b5
Convert -183257 (base 10) to base 6.
-3532225
-19042d (base 15) to base 2
-100101000110111000111
-567547 (base 12) to base 13
-394a32
-45305205 (base 7) to base 8
-17004700
Convert 2010103121 (base 4) to base 6.
15340505
-1031112 (base 5) to base 8
-42371
Convert 2340c (base 13) to base 3.
10021100020
-2941c0 (base 14) to base 11
-899484
Convert 733860 (base 9) to base 13.
12354c
What is -38595 (base 13) in base 3?
-12021222020
Convert 630161 (base 7) to base 10.
108137
What is -2344021 (base 6) in base 4?
-131331031
What is -6021c (base 13) in base 8?
-517321
48116 (base 10) to base 2
1011101111110100
-48355 (base 10) to base 13
-19018
Convert 956128 (base 10) to base 7.
11061355
Convert b17622 (base 15) to base 7.
131433431
What is 17c35a5 (base 13) in base 3?
112122001220001
Convert -d55d8 (base 14) to base 15.
-a25b8
Convert -51169 (base 13) to base 12.
-7008a
Convert 574587 (base 9) to base 14.
8d804
What is 14465 (base 11) in base 16?
5028
33000002113 (base 4) to base 8
17000227
5757318 (base 10) to base 16
57d986
110011011001001001111 (base 2) to base 13
46c6a1
10dac91 (base 14) to base 6
444421315
4d8d4 (base 14) to base 2
101110101001110010
Convert -45368 (base 14) to base 8.
-510200
What is 2055a57 (base 11) in base 3?
20211010112122
Convert -9974d (base 15) to base 16.
-770e0
Convert 232002303 (base 5) to base 3.
1222012111022
Convert 4172203 (base 8) to base 13.
2cb9c9
Convert -33141214 (base 5) to base 2.
-1000110000101010011
Convert 100000030 (base 4) to base 10.
65548
Convert -1622235 (base 7) to base 5.
-24132403
What is 4162112 (base 8) in base 3?
2002020112200
-160873 (base 9) to base 8
-301471
What is -4445531 (base 7) in base 15?
-acbc5
What is 10111100010010000 (base 2) in base 3?
11220020101
-3134141 (base 7) to base 11
-239337
21020200100002 (base 3) to base 6
214315132
What is -761293 (base 11) in base 3?
-2021211020120
Convert 1dbfe (base 16) to base 10.
121854
Convert 210021122212 (base 3) to base 12.
182528
42834 (base 12) to base 16
15628
What is 312d4 (base 14) in base 7?
1002454
What is -24271044 (base 8) in base 13?
-114b685
12c870 (base 14) to base 5
131234000
What is -245b9 (base 14) in base 10?
-88951
Convert 1616464 (base 11) to base 9.
5167401
Convert 16940 (base 11) to base 7.
126162
Convert 3130030 (base 5) to base 11.
35a93
-1355560 (base 7) to base 13
-64b4c
Convert -28b230 (base 13) to base 15.
-149ee8
-201212220022 (base 3) to base 8
-1374350
1234123410 (base 5) to base 8
13451711
-602753 (base 9) to base 13
-c628b
Convert -101322100 (base 4) to base 5.
-4321420
4030304 (base 5) to base 13
23450
1010000110111110 (base 2) to base 15
c406
Convert -779597 (base 10) to base 6.
-24413125
11152144 (base 7) to base 16
ed013
Convert 12210222100 (base 3) to base 10.
114435
Convert -73a185 (base 12) to base 11.
-1034621
-15416405 (base 7) to base 3
-2210101012222
Convert 5988470 (base 10) to base 16.
5b6076
-13311625 (base 8) to base 7
-34250111
What is -32101103 (base 4) in base 11?
-3aa08
What is 601b17 (base 12) in base 16?
16d503
Convert -5402213 (base 6) to base 3.
-111110101000
Convert 26067 (base 13) to base 16.
112f5
3da066 (base 16) to base 8
17320146
Conve